the remainder when 139623015 is divided by 623.
616
What is the remainder when 17898492 is divided by 3579685?
67
What is the remainder when 630056 is divided by 1077?
11
What is the remainder when 104717 is divided by 5538?
5033
Calculate the remainder when 734668 is divided by 8.
4
What is the remainder when 25700 is divided by 661?
582
Calculate the remainder when 4341126 is divided by 714.
6
Calculate the remainder when 9225076 is divided by 3075012.
40
Calculate the remainder when 825216 is divided by 17190.
96
Calculate the remainder when 26092248 is divided by 44526.
12
Calculate the remainder when 170024694 is divided by 3281.
3274
What is the remainder when 16252 is divided by 4060?
12
Calculate the remainder when 50641743 is divided by 4085.
4083
Calculate the remainder when 57524 is divided by 27756.
2012
What is the remainder when 711522 is divided by 711397?
125
What is the remainder when 28726964 is divided by 1159?
1149
What is the remainder when 909108 is divided by 303028?
24
Calculate the remainder when 9665838 is divided by 30.
18
Calculate the remainder when 33912715 is divided by 912.
907
What is the remainder when 107611 is divided by 242?
163
Calculate the remainder when 9752446 is divided by 253.
55
What is the remainder when 92496300 is divided by 21?
15
Calculate the remainder when 16749 is divided by 53.
1
Calculate the remainder when 5521896 is divided by 1380473.
4
What is the remainder when 2757566 is divided by 176?
174
Calculate the remainder when 915173 is divided by 20337.
8
Calculate the remainder when 17542 is divided by 17533.
9
Calculate the remainder when 3122030 is divided by 110.
10
What is the remainder when 2267019 is divided by 11335?
19
Calculate the remainder when 267248497 is divided by 20.
17
Calculate the remainder when 186969 is divided by 579.
531
Calculate the remainder when 5786476 is divided by 74184.
124
What is the remainder when 3774863 is divided by 165?
158
What is the remainder when 31478 is divided by 1860?
1718
What is the remainder when 3282854 is divided by 62?
16
Calculate the remainder when 32432178 is divided by 8108030.
58
Calculate the remainder when 973820 is divided by 592.
572
What is the remainder when 768649440 is divided by 362?
360
Calculate the remainder when 23802 is divided by 1584.
42
What is the remainder when 68156298 is divided by 17?
0
Calculate the remainder when 51923 is divided by 769.
400
What is the remainder when 186800540 is divided by 5488?
5484
What is the remainder when 45916941 is divided by 255094?
21
What is the remainder when 3389 is divided by 2916?
473
What is the remainder when 8414035 is divided by 60?
55
Calculate the remainder when 263495 is divided by 537.
365
Calculate the remainder when 12822406 is divided by 337.
230
Calculate the remainder when 3351719 is divided by 279295.
179
What is the remainder when 6203714 is divided by 13755?
209
What is the remainder when 4058426 is divided by 148?
118
Calculate the remainder when 4489335 is divided by 78.
45
Calculate the remainder when 50646104 is divided by 33.
14
What is the remainder when 7123387 is divided by 203525?
12
What is the remainder when 1990728 is divided by 17?
11
Calculate the remainder when 116452 is divided by 116282.
170
What is the remainder when 855663 is divided by 1041?
1002
What is the remainder when 40403 is divided by 29?
6
What is the remainder when 332778 is divided by 166342?
94
Calculate the remainder when 3317102 is divided by 34.
28
Calculate the remainder when 7667748 is divided by 250.
248
What is the remainder when 49588849 is divided by 218453?
18
Calculate the remainder when 13600 is divided by 4006.
1582
What is the remainder when 1399378 is divided by 830?
828
Calculate the remainder when 7638993 is divided by 5437.
8
Calculate the remainder when 78077679 is divided by 1098.
1095
Calculate the remainder when 2021644 is divided by 31585.
204
What is the remainder when 16493 is divided by 1094?
83
Calculate the remainder when 1646467 is divided by 176.
163
Calculate the remainder when 37797017 is divided by 1346.
1337
Calculate the remainder when 143796 is divided by 71898.
0
Calculate the remainder when 472602 is divided by 2792.
754
What is the remainder when 938999 is divided by 2082?
17
Calculate the remainder when 7674668 is divided by 95.
93
What is the remainder when 416451 is divided by 340?
291
Calculate the remainder when 728555 is divided by 20815.
30
What is the remainder when 97081527 is divided by 251?
249
Calculate the remainder when 306532 is divided by 5207.
4526
What is the remainder when 13207101 is divided by 432?
429
What is the remainder when 49407471 is divided by 96?
15
What is the remainder when 147041 is divided by 39?
11
Calculate the remainder when 377258 is divided by 4438.
28
What is the remainder when 9413143 is divided by 282?
265
Calculate the remainder when 511155 is divided by 1937.
1724
Calculate the remainder when 63446 is divided by 706.
612
What is the remainder when 2688485 is divided by 235?
85
What is the remainder when 126716 is divided by 2389?
99
Calculate the remainder when 10637689 is divided by 1212.
1177
What is the remainder when 66496 is divided by 73?
66
Calculate the remainder when 194892 is divided by 204.
72
Calculate the remainder when 2388033 is divided by 3668.
165
Calculate the remainder when 10548474 is divided by 730.
704
Calculate the remainder when 25599942 is divided by 31.
18
What is the remainder when 2318800 is divided by 15989?
395
Calculate the remainder when 53979 is divided by 8807.
1137
What is the remainder when 1399025 is divided by 131?
76
Calculate the remainder when 2692902 is divided by 13.
4
Calculate the remainder when 32123796 is divided by 73342.
0
Calculate the remainder when 26343 is divided by 8463.
954
What is the remainder when 6271905 is divided by 1567975?
5
Calculate the remainder when 23963861 is divided by 3546.
3539
What is the remainder when 56448900 is divided by 180?
0
What is the remainder when 248932 is divided by 116?
112
Calculate the remainder when 85751623 is divided by 14291936.
7
Calculate the remainder when 1808346 is divided by 39.
33
What is the remainder when 28028 is divided by 9275?
203
Calculate the remainder when 9652946 is divided by 7559.
103
Calculate the remainder when 1444602 is divided by 60190.
42
What is the remainder when 139377 is divided by 31022?
15289
Calculate the remainder when 2181 is divided by 366.
351
What is the remainder when 105980225 is divided by 619?
616
What is the remainder when 398552 is divided by 1640?
32
What is the remainder when 4790237 is divided by 798361?
71
Calculate the remainder when 4386178 is divided by 219.
46
Calculate the remainder when 31393 is divided by 75.
43
What is the remainder when 11489923 is divided by 19?
15
Calculate the remainder when 95943 is divided by 7.
1
What is the remainder when 16733548 is divided by 1195252?
20
What is the remainder when 14918008 is divided by 27?
22
Calculate the remainder when 256701 is divided by 13493.
334
What is the remainder when 57262516 is divided by 140?
136
What is the remainder when 3441139 is divided by 430141?
11
What is the remainder when 2621121 is divided by 436852?
9
Calculate the remainder when 1262526424 is divided by 1719.
1717
Calculate the remainder when 6606598 is divided by 121.
119
What is the remainder when 1992406 is divided by 7?
3
Calculate the remainder when 3676083 is divided by 612651.
177
What is the remainder when 524587 is divided by 209?
206
What is the remainder when 1544142 is divided by 71?
34
Calculate the remainder when 76738 is divided by 2246.
374
Calculate the remainder when 624972544 is divided by 66.
64
Calculate the remainder when 1021018 is divided by 340329.
31
What is the remainder when 488407 is divided by 5965?
5242
What is the remainder when 894425 is divided by 8986?
4811
What is the remainder when 427656 is divided by 15273?
12
Calculate the remainder when 8873209 is divided by 253.
246
Calculate the remainder when 7859133 is divided by 143.
139
Calculate the remainder when 12181 is divided by 8316.
3865
Calculate the remainder when 503907 is divided by 332.
263
Calculate the remainder when 18647873 is div